hen 71 is divided by 23?
2
Calculate the remainder when 1154 is divided by 263.
102
Calculate the remainder when 244 is divided by 241.
3
What is the remainder when 395 is divided by 384?
11
Calculate the remainder when 386 is divided by 33.
23
What is the remainder when 697 is divided by 7?
4
What is the remainder when 485 is divided by 125?
110
What is the remainder when 711 is divided by 51?
48
What is the remainder when 334 is divided by 89?
67
What is the remainder when 578 is divided by 40?
18
Calculate the remainder when 394 is divided by 129.
7
What is the remainder when 4833 is divided by 78?
75
Calculate the remainder when 75 is divided by 34.
7
Calculate the remainder when 385 is divided by 97.
94
What is the remainder when 102 is divided by 37?
28
Calculate the remainder when 73 is divided by 36.
1
What is the remainder when 15166 is divided by 2166?
4
Calculate the remainder when 87 is divided by 18.
15
Calculate the remainder when 1001 is divided by 42.
35
What is the remainder when 244 is divided by 36?
28
Calculate the remainder when 91 is divided by 22.
3
Calculate the remainder when 1286 is divided by 11.
10
What is the remainder when 28259 is divided by 10?
9
Calculate the remainder when 229 is divided by 115.
114
Calculate the remainder when 1461 is divided by 1456.
5
Calculate the remainder when 1010 is divided by 14.
2
Calculate the remainder when 146 is divided by 25.
21
Calculate the remainder when 5824 is divided by 486.
478
What is the remainder when 272 is divided by 87?
11
What is the remainder when 789 is divided by 5?
4
What is the remainder when 1185 is divided by 29?
25
What is the remainder when 4 is divided by 2?
0
What is the remainder when 1222 is divided by 35?
32
Calculate the remainder when 333 is divided by 42.
39
Calculate the remainder when 23 is divided by 8.
7
What is the remainder when 1052 is divided by 105?
2
Calculate the remainder when 2639 is divided by 120.
119
What is the remainder when 1371 is divided by 25?
21
Calculate the remainder when 217 is divided by 122.
95
Calculate the remainder when 10608 is divided by 4.
0
What is the remainder when 251 is divided by 249?
2
What is the remainder when 31 is divided by 30?
1
What is the remainder when 119 is divided by 58?
3
What is the remainder when 330 is divided by 126?
78
Calculate the remainder when 214 is divided by 32.
22
Calculate the remainder when 10165 is divided by 34.
33
What is the remainder when 5265 is divided by 23?
21
Calculate the remainder when 395 is divided by 101.
92
What is the remainder when 451 is divided by 25?
1
Calculate the remainder when 197 is divided by 6.
5
Calculate the remainder when 174 is divided by 61.
52
What is the remainder when 25 is divided by 15?
10
What is the remainder when 1007 is divided by 44?
39
What is the remainder when 65 is divided by 49?
16
Calculate the remainder when 268 is divided by 3.
1
Calculate the remainder when 950 is divided by 34.
32
Calculate the remainder when 102 is divided by 44.
14
Calculate the remainder when 146 is divided by 12.
2
Calculate the remainder when 2025 is divided by 479.
109
What is the remainder when 369 is divided by 76?
65
What is the remainder when 1147 is divided by 16?
11
Calculate the remainder when 93 is divided by 93.
0
Calculate the remainder when 556 is divided by 46.
4
Calculate the remainder when 2995 is divided by 75.
70
What is the remainder when 170 is divided by 63?
44
What is the remainder when 43 is divided by 37?
6
Calculate the remainder when 148 is divided by 33.
16
Calculate the remainder when 1063 is divided by 41.
38
What is the remainder when 1109 is divided by 23?
5
What is the remainder when 467 is divided by 94?
91
Calculate the remainder when 15 is divided by 3.
0
Calculate the remainder when 224 is divided by 102.
20
What is the remainder when 56 is divided by 26?
4
What is the remainder when 451 is divided by 77?
66
Calculate the remainder when 5810 is divided by 1160.
10
Calculate the remainder when 434 is divided by 26.
18
Calculate the remainder when 2065 is divided by 115.
110
Calculate the remainder when 53 is divided by 33.
20
Calculate the remainder when 1194 is divided by 57.
54
Calculate the remainder when 210 is divided by 55.
45
What is the remainder when 558 is divided by 546?
12
Calculate the remainder when 338 is divided by 85.
83
What is the remainder when 366 is divided by 122?
0
What is the remainder when 53 is divided by 20?
13
Calculate the remainder when 1639 is divided by 137.
132
Calculate the remainder when 3876 is divided by 58.
48
Calculate the remainder when 270 is divided by 68.
66
Calculate the remainder when 306 is divided by 31.
27
What is the remainder when 888 is divided by 7?
6
What is the remainder when 94 is divided by 33?
28
Calculate the remainder when 3552 is divided by 40.
32
What is the remainder when 587 is divided by 23?
12
What is the remainder when 459 is divided by 11?
8
What is the remainder when 82 is divided by 28?
26
Calculate the remainder when 10339 is divided by 110.
109
What is the remainder when 382 is divided by 12?
10
Calculate the remainder when 113 is divided by 64.
49
What is the remainder when 715 is divided by 106?
79
What is the remainder when 273 is divided by 122?
29
What is the remainder when 942 is divided by 60?
42
Calculate the remainder when 1072 is divided by 37.
36
Calculate the remainder when 540 is divided by 106.
10
What is the remainder when 146 is divided by 74?
72
Calculate the remainder when 417 is divided by 133.
18
Calculate the remainder when 753 is divided by 5.
3
Calculate the remainder when 135 is divided by 46.
43
What is the remainder when 339 is divided by 34?
33
What is the remainder when 71 is divided by 15?
11
What is the remainder when 2303 is divided by 288?
287
Calculate the remainder when 200 is divided by 34.
30
What is the remainder when 149 is divided by 71?
7
Calculate the remainder when 1054 is divided by 33.
31
Calculate the remainder when 194 is divided by 41.
30
What is the remainder when 702 is divided by 32?
30
Calculate the remainder when 157 is divided by 32.
29
What is the remainder when 2321 is divided by 25?
21
Calculate the remainder when 458 is divided by 149.
11
What is the remainder when 585 is divided by 307?
278
Calculate the remainder when 487 is divided by 475.
12
Calculate the remainder when 9811 is divided by 24.
19
What is the remainder when 267 is divided by 7?
1
What is the remainder when 2686 is divided by 48?
46
What is the remainder when 7305 is divided by 149?
4
Calculate the remainder when 751 is divided by 374.
3
Calculate the remainder when 423 is divided by 170.
83
Calculate the remainder when 344 is divided by 31.
3
What is the remainder when 26 is divided by 21?
5
What is the remainder when 631 is divided by 272?
87
What is the remainder when 519 is divided by 129?
3
Calculate the remainder when 683 is divided by 14.
11
What is the remainder when 161 is divided by 47?
20
Calculate the remainder when 1351 is divided by 85.
76
What is the remainder when 149 is divided by 78?
71
Calculate the remainder when 4211 is divided by 108.
107
What is the remainder when 169 is divided by 17?
16
Calculate the remainder when 499 is divided by 5.
4
What is the remainder when 336 is divided by 113?
110
Calculate the remainder when 1243 is divided by 139.
131
Calculate the remainder when 3911 is divided by 163.
162
Calculate the remainder when 333 is divided by 67.
65
Calculate the remainder when 1682 is divided by 17.
16
What is the remainder when 28 is divided by 17?
11
What is the remainder when 44 is divided by 2?
0
What is the remainder when 731 is divided by 154?
115
What is the remainder when 34 is divided by 3?
1
What is the remainder when 912 is divided by 22?
10
What is the remainder when 390 is divided by 20?
10
Calculate the remainder when 348 is divided by 8.
4
What is the remainder when 1061 is divided by 14?
11
Calculate the remainder when 1529 is divided by 222.
197
What is the remainder when 1053 is divided by 6?
3
Calculate the remainder when 1943 is divided by 12.
11
What is the remainder when 593 is divided by 54?
53
What is the remainder when 762 is divided by 77?
69
Calculate the remainder w